{"version":"1.0","provider_name":"PSOE Canarias","provider_url":"https:\/\/psoecanarias.com\/web","author_name":"PSOE Canarias","author_url":"https:\/\/psoecanarias.com\/web\/author\/admin\/","title":"El PSOE apuesta por una estrategia de comercializaci\u00f3n conjunta para los parques tecnol\u00f3gicos | PSOE Canarias","type":"rich","width":600,"height":338,"html":"<blockquote class=\"wp-embedded-content\" data-secret=\"lu9ZfrCdNY\"><a href=\"https:\/\/psoecanarias.com\/web\/1577-2\/\">El PSOE apuesta por una estrategia de comercializaci\u00f3n conjunta para los parques tecnol\u00f3gicos<\/a><\/blockquote><iframe sandbox=\"allow-scripts\" security=\"restricted\" src=\"https:\/\/psoecanarias.com\/web\/1577-2\/embed\/#?secret=lu9ZfrCdNY\" width=\"600\" height=\"338\" title=\"\u00abEl PSOE apuesta por una estrategia de comercializaci\u00f3n conjunta para los parques tecnol\u00f3gicos\u00bb \u2014 PSOE Canarias\" data-secret=\"lu9ZfrCdNY\" frameborder=\"0\" marginwidth=\"0\" marginheight=\"0\" scrolling=\"no\" class=\"wp-embedded-content\"><\/iframe><script type=\"text\/javascript\">\n\/* <![CDATA[ *\/\n\/*! This file is auto-generated *\/\n!function(d,l){\"use strict\";l.querySelector&&d.addEventListener&&\"undefined\"!=typeof URL&&(d.wp=d.wp||{},d.wp.receiveEmbedMessage||(d.wp.receiveEmbedMessage=function(e){var t=e.data;if((t||t.secret||t.message||t.value)&&!\/[^a-zA-Z0-9]\/.test(t.secret)){for(var s,r,n,a=l.querySelectorAll('iframe[data-secret=\"'+t.secret+'\"]'),o=l.querySelectorAll('blockquote[data-secret=\"'+t.secret+'\"]'),c=new RegExp(\"^https?:$\",\"i\"),i=0;i<o.length;i++)o[i].style.display=\"none\";for(i=0;i<a.length;i++)s=a[i],e.source===s.contentWindow&&(s.removeAttribute(\"style\"),\"height\"===t.message?(1e3<(r=parseInt(t.value,10))?r=1e3:~~r<200&&(r=200),s.height=r):\"link\"===t.message&&(r=new URL(s.getAttribute(\"src\")),n=new URL(t.value),c.test(n.protocol))&&n.host===r.host&&l.activeElement===s&&(d.top.location.href=t.value))}},d.addEventListener(\"message\",d.wp.receiveEmbedMessage,!1),l.addEventListener(\"DOMContentLoaded\",function(){for(var e,t,s=l.querySelectorAll(\"iframe.wp-embedded-content\"),r=0;r<s.length;r++)(t=(e=s[r]).getAttribute(\"data-secret\"))||(t=Math.random().toString(36).substring(2,12),e.src+=\"#?secret=\"+t,e.setAttribute(\"data-secret\",t)),e.contentWindow.postMessage({message:\"ready\",secret:t},\"*\")},!1)))}(window,document);\n\/* ]]> *\/\n<\/script>\n","thumbnail_url":"https:\/\/psoecanarias.com\/web\/wp-content\/uploads\/2016\/01\/I--AKI-LAVANDERA-e1454522063458.jpg","thumbnail_width":700,"thumbnail_height":467,"description":"I\u00f1aki Lavandera recuerda una apuesta decidida por estos espacios se traducir\u00e1 en creaci\u00f3n de empleo de calidad. Recuerda que fue el Gobierno socialista de Zapatero el que suscribi\u00f3 con Canarias un convenio por el que se preve\u00eda prestar 150 millones de euros al Gobierno de Canarias para desarrollar una red de parques tecnol\u00f3gicos e insiste en la necesidad de que se articule una verdadera pol\u00edtica de promoci\u00f3n y atracci\u00f3n de empresas a esos parques"}

El PSOE apuesta por una estrategia de comercialización conjunta para los parques tecnológicos | PSOE Canarias

<blockquote class="wp-embedded-content" data-secret="lu9ZfrCdNY"><a href="https://psoecanarias.com/web/1577-2/">El PSOE apuesta por una estrategia de comercialización conjunta para los parques tecnológicos</a></blockquote><iframe sandbox="allow-scripts" security="restricted" src="https://psoecanarias.com/web/1577-2/embed/#?secret=lu9ZfrCdNY" width="600" height="338" title="«El PSOE apuesta por una estrategia de comercialización conjunta para los parques tecnológicos» — PSOE Canarias" data-secret="lu9ZfrCdNY" frameborder="0" marginwidth="0" marginheight="0" scrolling="no" class="wp-embedded-content"></iframe><script type="text/javascript">
/* <![CDATA[ */
/*! This file is auto-generated */
!function(d,l){"use strict";l.querySelector&&d.addEventListener&&"undefined"!=typeof URL&&(d.wp=d.wp||{},d.wp.receiveEmbedMessage||(d.wp.receiveEmbedMessage=function(e){var t=e.data;if((t||t.secret||t.message||t.value)&&!/[^a-zA-Z0-9]/.test(t.secret)){for(var s,r,n,a=l.querySelectorAll('iframe[data-secret="'+t.secret+'"]'),o=l.querySelectorAll('blockquote[data-secret="'+t.secret+'"]'),c=new RegExp("^https?:$","i"),i=0;i<o.length;i++)o[i].style.display="none";for(i=0;i<a.length;i++)s=a[i],e.source===s.contentWindow&&(s.removeAttribute("style"),"height"===t.message?(1e3<(r=parseInt(t.value,10))?r=1e3:~~r<200&&(r=200),s.height=r):"link"===t.message&&(r=new URL(s.getAttribute("src")),n=new URL(t.value),c.test(n.protocol))&&n.host===r.host&&l.activeElement===s&&(d.top.location.href=t.value))}},d.addEventListener("message",d.wp.receiveEmbedMessage,!1),l.addEventListener("DOMContentLoaded",function(){for(var e,t,s=l.querySelectorAll("iframe.wp-embedded-content"),r=0;r<s.length;r++)(t=(e=s[r]).getAttribute("data-secret"))||(t=Math.random().toString(36).substring(2,12),e.src+="#?secret="+t,e.setAttribute("data-secret",t)),e.contentWindow.postMessage({message:"ready",secret:t},"*")},!1)))}(window,document);
/* ]]> */
</script>

Iñaki Lavandera recuerda una apuesta decidida por estos espacios se traducirá en creación de empleo de calidad. Recuerda que fue el Gobierno socialista de Zapatero el que suscribió con Canarias un convenio por el que se preveía prestar 150 millones de euros al Gobierno de Canarias para desarrollar una red de parques tecnológicos e insiste en la necesidad de que se articule una verdadera política de promoción y atracción de empresas a esos parques
