{"version":"1.0","provider_name":"PSOE Canarias","provider_url":"https:\/\/psoecanarias.com\/web","author_name":"PSOE Canarias","author_url":"https:\/\/psoecanarias.com\/web\/author\/admin\/","title":"La justicia social, nuestro patrimonio | PSOE Canarias","type":"rich","width":600,"height":338,"html":"<blockquote class=\"wp-embedded-content\" data-secret=\"0oOpCk8Sgu\"><a href=\"https:\/\/psoecanarias.com\/web\/la-justicia-social-nuestro-patrimonio\/\">La justicia social, nuestro patrimonio<\/a><\/blockquote><iframe sandbox=\"allow-scripts\" security=\"restricted\" src=\"https:\/\/psoecanarias.com\/web\/la-justicia-social-nuestro-patrimonio\/embed\/#?secret=0oOpCk8Sgu\" width=\"600\" height=\"338\" title=\"\u00abLa justicia social, nuestro patrimonio\u00bb \u2014 PSOE Canarias\" data-secret=\"0oOpCk8Sgu\" frameborder=\"0\" marginwidth=\"0\" marginheight=\"0\" scrolling=\"no\" class=\"wp-embedded-content\"><\/iframe><script type=\"text\/javascript\">\n\/* <![CDATA[ *\/\n\/*! This file is auto-generated *\/\n!function(d,l){\"use strict\";l.querySelector&&d.addEventListener&&\"undefined\"!=typeof URL&&(d.wp=d.wp||{},d.wp.receiveEmbedMessage||(d.wp.receiveEmbedMessage=function(e){var t=e.data;if((t||t.secret||t.message||t.value)&&!\/[^a-zA-Z0-9]\/.test(t.secret)){for(var s,r,n,a=l.querySelectorAll('iframe[data-secret=\"'+t.secret+'\"]'),o=l.querySelectorAll('blockquote[data-secret=\"'+t.secret+'\"]'),c=new RegExp(\"^https?:$\",\"i\"),i=0;i<o.length;i++)o[i].style.display=\"none\";for(i=0;i<a.length;i++)s=a[i],e.source===s.contentWindow&&(s.removeAttribute(\"style\"),\"height\"===t.message?(1e3<(r=parseInt(t.value,10))?r=1e3:~~r<200&&(r=200),s.height=r):\"link\"===t.message&&(r=new URL(s.getAttribute(\"src\")),n=new URL(t.value),c.test(n.protocol))&&n.host===r.host&&l.activeElement===s&&(d.top.location.href=t.value))}},d.addEventListener(\"message\",d.wp.receiveEmbedMessage,!1),l.addEventListener(\"DOMContentLoaded\",function(){for(var e,t,s=l.querySelectorAll(\"iframe.wp-embedded-content\"),r=0;r<s.length;r++)(t=(e=s[r]).getAttribute(\"data-secret\"))||(t=Math.random().toString(36).substring(2,12),e.src+=\"#?secret=\"+t,e.setAttribute(\"data-secret\",t)),e.contentWindow.postMessage({message:\"ready\",secret:t},\"*\")},!1)))}(window,document);\n\/* ]]> *\/\n<\/script>\n","thumbnail_url":"https:\/\/psoecanarias.com\/web\/wp-content\/uploads\/2022\/02\/imagen-teresa.png","thumbnail_width":696,"thumbnail_height":364,"description":"Este 20 de febrero celebramos el D\u00eda Mundial de la Justicia Social. Para muchos expertos en la materia se considera que el origen de la justicia social se encuentra en lo que fue la justicia distributiva, que estableci\u00f3 en su momento el fil\u00f3sofo griego Arist\u00f3teles. La misma ven\u00eda a dejar patente que era aquella que [&hellip;]"}

Este 20 de febrero celebramos el Día Mundial de la Justicia Social. Para muchos expertos en la materia se considera que el origen de la justicia social se encuentra en lo que fue la justicia distributiva, que estableció en su momento el filósofo griego Aristóteles. La misma venía a dejar patente que era aquella que [&hellip;]
