{"id":4566,"date":"2018-01-29T08:39:08","date_gmt":"2018-01-29T08:39:08","guid":{"rendered":"http:\/\/psoecanarias.com\/web\/?page_id=4566"},"modified":"2018-05-14T16:49:08","modified_gmt":"2018-05-14T15:49:08","slug":"sectoriales","status":"publish","type":"page","link":"https:\/\/psoecanarias.com\/web\/participacion\/sectoriales\/","title":{"rendered":"Sectoriales"},"content":{"rendered":"<p style=\"text-align: justify;\"><strong>Las Organizaciones Sectoriales son estructuras de participaci\u00f3n directa\u00a0<\/strong><strong>de los afiliados\/as y simpatizantes del Partido Socialista Obrero Espa\u00f1ol en\u00a0<\/strong><strong>tareas de informaci\u00f3n, debate y propuestas relacionadas con los temas o\u00a0<\/strong><strong>materias que cada una trata en su \u00e1mbito. Como instrumento de participaci\u00f3n,\u00a0<\/strong><strong>su objetivo es facilitar y fomentar la participaci\u00f3n de todos los afiliados\/as en el trabajo sectorial del Partido, alcanzando la m\u00e1xima presencia e interlocuci\u00f3n\u00a0<\/strong><strong>directa con la sociedad, especialmente con aquellos colectivos sociales cuyo\u00a0<\/strong><strong>\u00e1mbito de actuaci\u00f3n adquiere una importancia estrat\u00e9gica para el proyecto\u00a0<\/strong><strong>socialista.<\/strong><\/p>\n<hr \/>\n<p style=\"text-align: justify;\">La estructura de las Organizaciones Sectoriales en los diferentes \u00e1mbitos territoriales est\u00e1 integrada por: el plenario, el comit\u00e9 coordinador y el coordinador.<\/p>\n<p style=\"text-align: justify;\">Las Organizaciones Sectoriales se rigen por los Estatutos Federales del PSOE, as\u00ed como por los del Reglamento de Desarrollo de los Estatutos, en sus art\u00edculos 403-420, aprobado en el comit\u00e9 Federal celebrado en Aranjuez el 17 de febrero de 2018.<\/p>\n<p style=\"text-align: justify;\">Tambi\u00e9n se regir\u00e1n por el reglamento interno de cada organizaci\u00f3n sectorial, que no podr\u00e1 contravenir lo establecido en dicho Reglamento.<\/p>\n<p>Existen las siguientes organizaciones sectoriales:<\/p>\n<p style=\"text-align: center;\"><strong><span style=\"color: #800000;\"><img loading=\"lazy\" decoding=\"async\" class=\"wp-image-4887 aligncenter\" src=\"http:\/\/psoecanarias.com\/web\/wp-content\/uploads\/2018\/05\/people-icon-150x150.png\" alt=\"\" width=\"68\" height=\"68\" \/>\u00a0<\/span><\/strong><strong><span style=\"color: #800000;\">PARTICIPACI\u00d3N Y DIVERSIDAD<\/span><\/strong><\/p>\n<p><img loading=\"lazy\" decoding=\"async\" class=\"wp-image-4888 aligncenter\" src=\"http:\/\/psoecanarias.com\/web\/wp-content\/uploads\/2018\/05\/earth-icon-150x150.png\" alt=\"\" width=\"68\" height=\"68\" \/><\/p>\n<p style=\"text-align: center;\"><strong><span style=\"color: #800000;\">MEDIO AMBIENTE<\/span><\/strong><\/p>\n<p style=\"text-align: center;\"><strong><span style=\"color: #800000;\"><img loading=\"lazy\" decoding=\"async\" class=\"wp-image-4889 aligncenter\" src=\"http:\/\/psoecanarias.com\/web\/wp-content\/uploads\/2018\/05\/Science-Students-icon-150x150.png\" alt=\"\" width=\"68\" height=\"68\" \/><\/span><\/strong><\/p>\n<p style=\"text-align: center;\"><strong><span style=\"color: #800000;\">EDUCACI\u00d3N<\/span><\/strong><\/p>\n<p style=\"text-align: center;\"><strong><span style=\"color: #800000;\"><img loading=\"lazy\" decoding=\"async\" class=\"aligncenter wp-image-4890\" src=\"http:\/\/psoecanarias.com\/web\/wp-content\/uploads\/2018\/05\/medical-bag-icon-150x150.png\" alt=\"\" width=\"68\" height=\"68\" \/>SANIDAD<\/span><\/strong><\/p>\n<p style=\"text-align: center;\"><strong><span style=\"color: #800000;\"><img loading=\"lazy\" decoding=\"async\" class=\"aligncenter wp-image-4891\" src=\"http:\/\/psoecanarias.com\/web\/wp-content\/uploads\/2018\/05\/Social-network-icon-150x150.png\" alt=\"\" width=\"67\" height=\"67\" \/>SOCIEDAD DE LA INFORMACI\u00d3N<\/span><\/strong><\/p>\n<p style=\"text-align: center;\"><span style=\"color: #800000;\"><strong><img loading=\"lazy\" decoding=\"async\" class=\"aligncenter wp-image-4892\" src=\"http:\/\/psoecanarias.com\/web\/wp-content\/uploads\/2018\/05\/Increase-icon-150x150.png\" alt=\"\" width=\"68\" height=\"68\" \/>EMPRENDEDORES, ECONOM\u00cdA <\/strong><\/span><span style=\"color: #800000;\"><strong>Y\u00a0<\/strong><\/span><span style=\"color: #800000;\"><strong>TRABAJADORES<\/strong> <strong>AUT\u00d3NOMOS<\/strong><\/span><\/p>\n<p>&nbsp;<\/p>\n<p><strong>Si deseas participar en las sectoriales, ponte en contacto con la <a href=\"http:\/\/psoecanarias.com\/web\/agrupaciones-insulares\/\" target=\"_blank\" rel=\"noopener\">secretar\u00eda de\u00a0organizaci\u00f3n insular correspondiente.<\/a><\/strong><\/p>\n","protected":false},"excerpt":{"rendered":"<p>Las Organizaciones Sectoriales son estructuras de participaci\u00f3n directa\u00a0de los afiliados\/as y simpatizantes del Partido Socialista Obrero Espa\u00f1ol en\u00a0tareas de informaci\u00f3n, debate y propuestas relacionadas con los temas o\u00a0materias que cada una trata en su \u00e1mbito. Como instrumento de participaci\u00f3n,\u00a0su objetivo es facilitar y fomentar la participaci\u00f3n de todos los afiliados\/as en el trabajo sectorial del [&hellip;]<\/p>\n","protected":false},"author":1,"featured_media":8406,"parent":4527,"menu_order":3,"comment_status":"closed","ping_status":"closed","template":"","meta":{"footnotes":""},"class_list":["post-4566","page","type-page","status-publish","has-post-thumbnail","hentry"],"featured_image_src":"https:\/\/psoecanarias.com\/web\/wp-content\/uploads\/2020\/03\/thumb_noimages.jpg","yoast_head":"<!-- This site is optimized with the Yoast SEO plugin v27.2 - https:\/\/yoast.com\/product\/yoast-seo-wordpress\/ -->\n<title>Sectoriales | PSOE Canarias<\/title>\n<meta name=\"robots\" content=\"index, follow, max-snippet:-1, max-image-preview:large, max-video-preview:-1\" \/>\n<link rel=\"canonical\" href=\"https:\/\/psoecanarias.com\/web\/participacion\/sectoriales\/\" \/>\n<meta property=\"og:locale\" content=\"es_ES\" \/>\n<meta property=\"og:type\" content=\"article\" \/>\n<meta property=\"og:title\" content=\"Sectoriales | PSOE Canarias\" \/>\n<meta property=\"og:description\" content=\"Las Organizaciones Sectoriales son estructuras de participaci\u00f3n directa\u00a0de los afiliados\/as y simpatizantes del Partido Socialista Obrero Espa\u00f1ol en\u00a0tareas de informaci\u00f3n, debate y propuestas relacionadas con los temas o\u00a0materias que cada una trata en su \u00e1mbito. Como instrumento de participaci\u00f3n,\u00a0su objetivo es facilitar y fomentar la participaci\u00f3n de todos los afiliados\/as en el trabajo sectorial del [&hellip;]\" \/>\n<meta property=\"og:url\" content=\"https:\/\/psoecanarias.com\/web\/participacion\/sectoriales\/\" \/>\n<meta property=\"og:site_name\" content=\"PSOE Canarias\" \/>\n<meta property=\"article:modified_time\" content=\"2018-05-14T15:49:08+00:00\" \/>\n<meta property=\"og:image\" content=\"https:\/\/psoecanarias.com\/web\/wp-content\/uploads\/2020\/03\/thumb_noimages.jpg\" \/>\n\t<meta property=\"og:image:width\" content=\"303\" \/>\n\t<meta property=\"og:image:height\" content=\"200\" \/>\n\t<meta property=\"og:image:type\" content=\"image\/jpeg\" \/>\n<meta name=\"twitter:card\" content=\"summary_large_image\" \/>\n<script type=\"application\/ld+json\" class=\"yoast-schema-graph\">{\"@context\":\"https:\/\/schema.org\",\"@graph\":[{\"@type\":\"WebPage\",\"@id\":\"https:\/\/psoecanarias.com\/web\/participacion\/sectoriales\/\",\"url\":\"https:\/\/psoecanarias.com\/web\/participacion\/sectoriales\/\",\"name\":\"Sectoriales | PSOE Canarias\",\"isPartOf\":{\"@id\":\"https:\/\/psoecanarias.com\/web\/#website\"},\"primaryImageOfPage\":{\"@id\":\"https:\/\/psoecanarias.com\/web\/participacion\/sectoriales\/#primaryimage\"},\"image\":{\"@id\":\"https:\/\/psoecanarias.com\/web\/participacion\/sectoriales\/#primaryimage\"},\"thumbnailUrl\":\"https:\/\/psoecanarias.com\/web\/wp-content\/uploads\/2020\/03\/thumb_noimages.jpg\",\"datePublished\":\"2018-01-29T08:39:08+00:00\",\"dateModified\":\"2018-05-14T15:49:08+00:00\",\"breadcrumb\":{\"@id\":\"https:\/\/psoecanarias.com\/web\/participacion\/sectoriales\/#breadcrumb\"},\"inLanguage\":\"es\",\"potentialAction\":[{\"@type\":\"ReadAction\",\"target\":[\"https:\/\/psoecanarias.com\/web\/participacion\/sectoriales\/\"]}]},{\"@type\":\"ImageObject\",\"inLanguage\":\"es\",\"@id\":\"https:\/\/psoecanarias.com\/web\/participacion\/sectoriales\/#primaryimage\",\"url\":\"https:\/\/psoecanarias.com\/web\/wp-content\/uploads\/2020\/03\/thumb_noimages.jpg\",\"contentUrl\":\"https:\/\/psoecanarias.com\/web\/wp-content\/uploads\/2020\/03\/thumb_noimages.jpg\",\"width\":303,\"height\":200},{\"@type\":\"BreadcrumbList\",\"@id\":\"https:\/\/psoecanarias.com\/web\/participacion\/sectoriales\/#breadcrumb\",\"itemListElement\":[{\"@type\":\"ListItem\",\"position\":1,\"name\":\"Portada\",\"item\":\"https:\/\/psoecanarias.com\/web\/\"},{\"@type\":\"ListItem\",\"position\":2,\"name\":\"Participaci\u00f3n\",\"item\":\"https:\/\/psoecanarias.com\/web\/participacion\/\"},{\"@type\":\"ListItem\",\"position\":3,\"name\":\"Sectoriales\"}]},{\"@type\":\"WebSite\",\"@id\":\"https:\/\/psoecanarias.com\/web\/#website\",\"url\":\"https:\/\/psoecanarias.com\/web\/\",\"name\":\"PSOE Canarias\",\"description\":\"Partido Socialista Obrero Espa\u00f1ol Canarias\",\"potentialAction\":[{\"@type\":\"SearchAction\",\"target\":{\"@type\":\"EntryPoint\",\"urlTemplate\":\"https:\/\/psoecanarias.com\/web\/?s={search_term_string}\"},\"query-input\":{\"@type\":\"PropertyValueSpecification\",\"valueRequired\":true,\"valueName\":\"search_term_string\"}}],\"inLanguage\":\"es\"}]}<\/script>\n<!-- \/ Yoast SEO plugin. -->","yoast_head_json":{"title":"Sectoriales | PSOE Canarias","robots":{"index":"index","follow":"follow","max-snippet":"max-snippet:-1","max-image-preview":"max-image-preview:large","max-video-preview":"max-video-preview:-1"},"canonical":"https:\/\/psoecanarias.com\/web\/participacion\/sectoriales\/","og_locale":"es_ES","og_type":"article","og_title":"Sectoriales | PSOE Canarias","og_description":"Las Organizaciones Sectoriales son estructuras de participaci\u00f3n directa\u00a0de los afiliados\/as y simpatizantes del Partido Socialista Obrero Espa\u00f1ol en\u00a0tareas de informaci\u00f3n, debate y propuestas relacionadas con los temas o\u00a0materias que cada una trata en su \u00e1mbito. Como instrumento de participaci\u00f3n,\u00a0su objetivo es facilitar y fomentar la participaci\u00f3n de todos los afiliados\/as en el trabajo sectorial del [&hellip;]","og_url":"https:\/\/psoecanarias.com\/web\/participacion\/sectoriales\/","og_site_name":"PSOE Canarias","article_modified_time":"2018-05-14T15:49:08+00:00","og_image":[{"width":303,"height":200,"url":"https:\/\/psoecanarias.com\/web\/wp-content\/uploads\/2020\/03\/thumb_noimages.jpg","type":"image\/jpeg"}],"twitter_card":"summary_large_image","schema":{"@context":"https:\/\/schema.org","@graph":[{"@type":"WebPage","@id":"https:\/\/psoecanarias.com\/web\/participacion\/sectoriales\/","url":"https:\/\/psoecanarias.com\/web\/participacion\/sectoriales\/","name":"Sectoriales | PSOE Canarias","isPartOf":{"@id":"https:\/\/psoecanarias.com\/web\/#website"},"primaryImageOfPage":{"@id":"https:\/\/psoecanarias.com\/web\/participacion\/sectoriales\/#primaryimage"},"image":{"@id":"https:\/\/psoecanarias.com\/web\/participacion\/sectoriales\/#primaryimage"},"thumbnailUrl":"https:\/\/psoecanarias.com\/web\/wp-content\/uploads\/2020\/03\/thumb_noimages.jpg","datePublished":"2018-01-29T08:39:08+00:00","dateModified":"2018-05-14T15:49:08+00:00","breadcrumb":{"@id":"https:\/\/psoecanarias.com\/web\/participacion\/sectoriales\/#breadcrumb"},"inLanguage":"es","potentialAction":[{"@type":"ReadAction","target":["https:\/\/psoecanarias.com\/web\/participacion\/sectoriales\/"]}]},{"@type":"ImageObject","inLanguage":"es","@id":"https:\/\/psoecanarias.com\/web\/participacion\/sectoriales\/#primaryimage","url":"https:\/\/psoecanarias.com\/web\/wp-content\/uploads\/2020\/03\/thumb_noimages.jpg","contentUrl":"https:\/\/psoecanarias.com\/web\/wp-content\/uploads\/2020\/03\/thumb_noimages.jpg","width":303,"height":200},{"@type":"BreadcrumbList","@id":"https:\/\/psoecanarias.com\/web\/participacion\/sectoriales\/#breadcrumb","itemListElement":[{"@type":"ListItem","position":1,"name":"Portada","item":"https:\/\/psoecanarias.com\/web\/"},{"@type":"ListItem","position":2,"name":"Participaci\u00f3n","item":"https:\/\/psoecanarias.com\/web\/participacion\/"},{"@type":"ListItem","position":3,"name":"Sectoriales"}]},{"@type":"WebSite","@id":"https:\/\/psoecanarias.com\/web\/#website","url":"https:\/\/psoecanarias.com\/web\/","name":"PSOE Canarias","description":"Partido Socialista Obrero Espa\u00f1ol Canarias","potentialAction":[{"@type":"SearchAction","target":{"@type":"EntryPoint","urlTemplate":"https:\/\/psoecanarias.com\/web\/?s={search_term_string}"},"query-input":{"@type":"PropertyValueSpecification","valueRequired":true,"valueName":"search_term_string"}}],"inLanguage":"es"}]}},"_links":{"self":[{"href":"https:\/\/psoecanarias.com\/web\/wp-json\/wp\/v2\/pages\/4566","targetHints":{"allow":["GET"]}}],"collection":[{"href":"https:\/\/psoecanarias.com\/web\/wp-json\/wp\/v2\/pages"}],"about":[{"href":"https:\/\/psoecanarias.com\/web\/wp-json\/wp\/v2\/types\/page"}],"author":[{"embeddable":true,"href":"https:\/\/psoecanarias.com\/web\/wp-json\/wp\/v2\/users\/1"}],"replies":[{"embeddable":true,"href":"https:\/\/psoecanarias.com\/web\/wp-json\/wp\/v2\/comments?post=4566"}],"version-history":[{"count":8,"href":"https:\/\/psoecanarias.com\/web\/wp-json\/wp\/v2\/pages\/4566\/revisions"}],"predecessor-version":[{"id":4897,"href":"https:\/\/psoecanarias.com\/web\/wp-json\/wp\/v2\/pages\/4566\/revisions\/4897"}],"up":[{"embeddable":true,"href":"https:\/\/psoecanarias.com\/web\/wp-json\/wp\/v2\/pages\/4527"}],"wp:featuredmedia":[{"embeddable":true,"href":"https:\/\/psoecanarias.com\/web\/wp-json\/wp\/v2\/media\/8406"}],"wp:attachment":[{"href":"https:\/\/psoecanarias.com\/web\/wp-json\/wp\/v2\/media?parent=4566"}],"curies":[{"name":"wp","href":"https:\/\/api.w.org\/{rel}","templated":true}]}}