{"id":61396,"date":"2025-11-10T19:17:56","date_gmt":"2025-11-10T19:17:56","guid":{"rendered":"https:\/\/psoecanarias.com\/web\/?page_id=61396"},"modified":"2026-01-12T11:43:55","modified_gmt":"2026-01-12T11:43:55","slug":"historia","status":"publish","type":"page","link":"https:\/\/psoecanarias.com\/web\/historia\/","title":{"rendered":"Historia"},"content":{"rendered":"<p>El Partido Socialista se fund\u00f3 clandestinamente en Madrid, el 2 de mayo de 1879, en torno a un n\u00facleo de intelectuales y obreros, fundamentalmente tip\u00f3grafos, encabezados por Pablo Iglesias.<\/p>\n<p>El primer programa del nuevo partido pol\u00edtico fue aprobado en una asamblea de 40 personas, el 20 de julio de ese mismo a\u00f1o. El PSOE fue as\u00ed uno de los primeros partidos socialistas que se fundaron en Europa, como expresi\u00f3n de los afanes e intereses de las nuevas clases trabajadoras nacidas de la revoluci\u00f3n industrial.<\/p>\n<p>El Partido Socialista Obrero Espa\u00f1ol se define a s\u00ed mismo como europe\u00edsta, feminista, ecologista, laico y defensor de los derechos de todas las personas.<\/p>\n<p>Los fines del PSOE se detallan en el art\u00edculo 2 de los Estatutos Federales, donde se establece que &#8220;El Partido Socialista Obrero Espa\u00f1ol, de conformidad con el art\u00edculo 6 de la Constituci\u00f3n Espa\u00f1ola, concurre a la formaci\u00f3n y manifestaci\u00f3n de la voluntad popular como instrumento para la participaci\u00f3n pol\u00edtica, que representa a la clase trabajadora y a los hombres y mujeres que luchan contra todo tipo de explotaci\u00f3n, aspirando a transformar la sociedad para convertirla en una sociedad libre, justa, igualitaria, solidaria y en paz que lucha por el progreso de los pueblos. Sus objetivos y programas son los fijados en las resoluciones de sus Congresos y Conferencias.&#8221;<\/p>\n<p><strong>Secretarios generales del PSOE Canarias<\/strong><\/p>\n<ul>\n<li>Jer\u00f3nimo Saavedra Acevedo (1977-1985) (1988-1997)<\/li>\n<li>Alberto de Armas Garc\u00eda (1985-1987)<\/li>\n<li>Juan Carlos Alem\u00e1n Santana (1997-2007)<\/li>\n<li>Juan Fernando L\u00f3pez Aguilar (2007-2010)<\/li>\n<li>Jos\u00e9 Miguel P\u00e9rez Garc\u00eda (2010-2017)<\/li>\n<li>\u00c1ngel V\u00edctor Torres P\u00e9rez (2017-actualidad)<\/li>\n<\/ul>\n<p style=\"text-align: center;\"><a href=\"https:\/\/psoecanarias.com\/web\/wp-content\/uploads\/2026\/01\/HISTORIA.odt\"><em>Descargar la informaci\u00f3n en formato editable<\/em><\/a><\/p>\n","protected":false},"excerpt":{"rendered":"<p>El Partido Socialista se fund\u00f3 clandestinamente en Madrid, el 2 de mayo de 1879, en torno a un n\u00facleo de intelectuales y obreros, fundamentalmente tip\u00f3grafos, encabezados por Pablo Iglesias. El primer programa del nuevo partido pol\u00edtico fue aprobado en una asamblea de 40 personas, el 20 de julio de ese mismo a\u00f1o. El PSOE fue [&hellip;]<\/p>\n","protected":false},"author":1,"featured_media":8406,"parent":0,"menu_order":0,"comment_status":"closed","ping_status":"closed","template":"","meta":{"footnotes":""},"class_list":["post-61396","page","type-page","status-publish","has-post-thumbnail","hentry"],"featured_image_src":"https:\/\/psoecanarias.com\/web\/wp-content\/uploads\/2020\/03\/thumb_noimages.jpg","yoast_head":"<!-- This site is optimized with the Yoast SEO plugin v27.2 - https:\/\/yoast.com\/product\/yoast-seo-wordpress\/ -->\n<title>Historia | PSOE Canarias<\/title>\n<meta name=\"robots\" content=\"index, follow, max-snippet:-1, max-image-preview:large, max-video-preview:-1\" \/>\n<link rel=\"canonical\" href=\"https:\/\/psoecanarias.com\/web\/historia\/\" \/>\n<meta property=\"og:locale\" content=\"es_ES\" \/>\n<meta property=\"og:type\" content=\"article\" \/>\n<meta property=\"og:title\" content=\"Historia | PSOE Canarias\" \/>\n<meta property=\"og:description\" content=\"El Partido Socialista se fund\u00f3 clandestinamente en Madrid, el 2 de mayo de 1879, en torno a un n\u00facleo de intelectuales y obreros, fundamentalmente tip\u00f3grafos, encabezados por Pablo Iglesias. El primer programa del nuevo partido pol\u00edtico fue aprobado en una asamblea de 40 personas, el 20 de julio de ese mismo a\u00f1o. El PSOE fue [&hellip;]\" \/>\n<meta property=\"og:url\" content=\"https:\/\/psoecanarias.com\/web\/historia\/\" \/>\n<meta property=\"og:site_name\" content=\"PSOE Canarias\" \/>\n<meta property=\"article:modified_time\" content=\"2026-01-12T11:43:55+00:00\" \/>\n<meta name=\"twitter:card\" content=\"summary_large_image\" \/>\n<script type=\"application\/ld+json\" class=\"yoast-schema-graph\">{\"@context\":\"https:\/\/schema.org\",\"@graph\":[{\"@type\":\"WebPage\",\"@id\":\"https:\/\/psoecanarias.com\/web\/historia\/\",\"url\":\"https:\/\/psoecanarias.com\/web\/historia\/\",\"name\":\"Historia | PSOE Canarias\",\"isPartOf\":{\"@id\":\"https:\/\/psoecanarias.com\/web\/#website\"},\"primaryImageOfPage\":{\"@id\":\"https:\/\/psoecanarias.com\/web\/historia\/#primaryimage\"},\"image\":{\"@id\":\"https:\/\/psoecanarias.com\/web\/historia\/#primaryimage\"},\"thumbnailUrl\":\"https:\/\/psoecanarias.com\/web\/wp-content\/uploads\/2020\/03\/thumb_noimages.jpg\",\"datePublished\":\"2025-11-10T19:17:56+00:00\",\"dateModified\":\"2026-01-12T11:43:55+00:00\",\"breadcrumb\":{\"@id\":\"https:\/\/psoecanarias.com\/web\/historia\/#breadcrumb\"},\"inLanguage\":\"es\",\"potentialAction\":[{\"@type\":\"ReadAction\",\"target\":[\"https:\/\/psoecanarias.com\/web\/historia\/\"]}]},{\"@type\":\"ImageObject\",\"inLanguage\":\"es\",\"@id\":\"https:\/\/psoecanarias.com\/web\/historia\/#primaryimage\",\"url\":\"https:\/\/psoecanarias.com\/web\/wp-content\/uploads\/2020\/03\/thumb_noimages.jpg\",\"contentUrl\":\"https:\/\/psoecanarias.com\/web\/wp-content\/uploads\/2020\/03\/thumb_noimages.jpg\",\"width\":303,\"height\":200},{\"@type\":\"BreadcrumbList\",\"@id\":\"https:\/\/psoecanarias.com\/web\/historia\/#breadcrumb\",\"itemListElement\":[{\"@type\":\"ListItem\",\"position\":1,\"name\":\"Portada\",\"item\":\"https:\/\/psoecanarias.com\/web\/\"},{\"@type\":\"ListItem\",\"position\":2,\"name\":\"Historia\"}]},{\"@type\":\"WebSite\",\"@id\":\"https:\/\/psoecanarias.com\/web\/#website\",\"url\":\"https:\/\/psoecanarias.com\/web\/\",\"name\":\"PSOE Canarias\",\"description\":\"Partido Socialista Obrero Espa\u00f1ol Canarias\",\"potentialAction\":[{\"@type\":\"SearchAction\",\"target\":{\"@type\":\"EntryPoint\",\"urlTemplate\":\"https:\/\/psoecanarias.com\/web\/?s={search_term_string}\"},\"query-input\":{\"@type\":\"PropertyValueSpecification\",\"valueRequired\":true,\"valueName\":\"search_term_string\"}}],\"inLanguage\":\"es\"}]}<\/script>\n<!-- \/ Yoast SEO plugin. -->","yoast_head_json":{"title":"Historia | PSOE Canarias","robots":{"index":"index","follow":"follow","max-snippet":"max-snippet:-1","max-image-preview":"max-image-preview:large","max-video-preview":"max-video-preview:-1"},"canonical":"https:\/\/psoecanarias.com\/web\/historia\/","og_locale":"es_ES","og_type":"article","og_title":"Historia | PSOE Canarias","og_description":"El Partido Socialista se fund\u00f3 clandestinamente en Madrid, el 2 de mayo de 1879, en torno a un n\u00facleo de intelectuales y obreros, fundamentalmente tip\u00f3grafos, encabezados por Pablo Iglesias. El primer programa del nuevo partido pol\u00edtico fue aprobado en una asamblea de 40 personas, el 20 de julio de ese mismo a\u00f1o. El PSOE fue [&hellip;]","og_url":"https:\/\/psoecanarias.com\/web\/historia\/","og_site_name":"PSOE Canarias","article_modified_time":"2026-01-12T11:43:55+00:00","twitter_card":"summary_large_image","schema":{"@context":"https:\/\/schema.org","@graph":[{"@type":"WebPage","@id":"https:\/\/psoecanarias.com\/web\/historia\/","url":"https:\/\/psoecanarias.com\/web\/historia\/","name":"Historia | PSOE Canarias","isPartOf":{"@id":"https:\/\/psoecanarias.com\/web\/#website"},"primaryImageOfPage":{"@id":"https:\/\/psoecanarias.com\/web\/historia\/#primaryimage"},"image":{"@id":"https:\/\/psoecanarias.com\/web\/historia\/#primaryimage"},"thumbnailUrl":"https:\/\/psoecanarias.com\/web\/wp-content\/uploads\/2020\/03\/thumb_noimages.jpg","datePublished":"2025-11-10T19:17:56+00:00","dateModified":"2026-01-12T11:43:55+00:00","breadcrumb":{"@id":"https:\/\/psoecanarias.com\/web\/historia\/#breadcrumb"},"inLanguage":"es","potentialAction":[{"@type":"ReadAction","target":["https:\/\/psoecanarias.com\/web\/historia\/"]}]},{"@type":"ImageObject","inLanguage":"es","@id":"https:\/\/psoecanarias.com\/web\/historia\/#primaryimage","url":"https:\/\/psoecanarias.com\/web\/wp-content\/uploads\/2020\/03\/thumb_noimages.jpg","contentUrl":"https:\/\/psoecanarias.com\/web\/wp-content\/uploads\/2020\/03\/thumb_noimages.jpg","width":303,"height":200},{"@type":"BreadcrumbList","@id":"https:\/\/psoecanarias.com\/web\/historia\/#breadcrumb","itemListElement":[{"@type":"ListItem","position":1,"name":"Portada","item":"https:\/\/psoecanarias.com\/web\/"},{"@type":"ListItem","position":2,"name":"Historia"}]},{"@type":"WebSite","@id":"https:\/\/psoecanarias.com\/web\/#website","url":"https:\/\/psoecanarias.com\/web\/","name":"PSOE Canarias","description":"Partido Socialista Obrero Espa\u00f1ol Canarias","potentialAction":[{"@type":"SearchAction","target":{"@type":"EntryPoint","urlTemplate":"https:\/\/psoecanarias.com\/web\/?s={search_term_string}"},"query-input":{"@type":"PropertyValueSpecification","valueRequired":true,"valueName":"search_term_string"}}],"inLanguage":"es"}]}},"_links":{"self":[{"href":"https:\/\/psoecanarias.com\/web\/wp-json\/wp\/v2\/pages\/61396","targetHints":{"allow":["GET"]}}],"collection":[{"href":"https:\/\/psoecanarias.com\/web\/wp-json\/wp\/v2\/pages"}],"about":[{"href":"https:\/\/psoecanarias.com\/web\/wp-json\/wp\/v2\/types\/page"}],"author":[{"embeddable":true,"href":"https:\/\/psoecanarias.com\/web\/wp-json\/wp\/v2\/users\/1"}],"replies":[{"embeddable":true,"href":"https:\/\/psoecanarias.com\/web\/wp-json\/wp\/v2\/comments?post=61396"}],"version-history":[{"count":7,"href":"https:\/\/psoecanarias.com\/web\/wp-json\/wp\/v2\/pages\/61396\/revisions"}],"predecessor-version":[{"id":62947,"href":"https:\/\/psoecanarias.com\/web\/wp-json\/wp\/v2\/pages\/61396\/revisions\/62947"}],"wp:featuredmedia":[{"embeddable":true,"href":"https:\/\/psoecanarias.com\/web\/wp-json\/wp\/v2\/media\/8406"}],"wp:attachment":[{"href":"https:\/\/psoecanarias.com\/web\/wp-json\/wp\/v2\/media?parent=61396"}],"curies":[{"name":"wp","href":"https:\/\/api.w.org\/{rel}","templated":true}]}}