{"id":61467,"date":"2025-11-13T10:01:48","date_gmt":"2025-11-13T10:01:48","guid":{"rendered":"https:\/\/psoecanarias.com\/web\/?page_id=61467"},"modified":"2025-12-02T12:44:27","modified_gmt":"2025-12-02T12:44:27","slug":"normativa-aplicable-a-los-partidos-politicos","status":"publish","type":"page","link":"https:\/\/psoecanarias.com\/web\/normativa-aplicable-a-los-partidos-politicos\/","title":{"rendered":"Normativa aplicable a los partidos pol\u00edticos"},"content":{"rendered":"<p>Dentro de la amplia legislaci\u00f3n que rige la vida de los partidos pol\u00edticos, esta es la principal:<\/p>\n<ul>\n<li><a href=\"https:\/\/www.boe.es\/buscar\/act.php?id=BOE-A-2002-12756\" target=\"_blank\" rel=\"noopener\">Ley org\u00e1nica 6\/2002, de 27 de junio, de partidos pol\u00edticos\u00a0<\/a><\/li>\n<li><a href=\"https:\/\/www.boe.es\/buscar\/act.php?id=BOE-A-2007-13022\" target=\"_blank\" rel=\"noopener\">Ley org\u00e1nica 8\/2007, de 4 de julio, sobre financiaci\u00f3n de los partidos pol\u00edticos.<\/a><\/li>\n<li><a href=\"https:\/\/www.boe.es\/buscar\/act.php?id=BOE-A-2012-13123\" target=\"_blank\" rel=\"noopener\">Ley org\u00e1nica 5\/2012, de 22 de octubre, de reforma de la ley org\u00e1nica 8\/2007 de 4 de julio sobre financiaci\u00f3n de los partidos pol\u00edticos.<\/a><\/li>\n<li><a href=\"https:\/\/www.boe.es\/buscar\/doc.php?id=BOE-A-2015-3441\">Ley org\u00e1nica 3\/2015, de 30 de marzo, de control de la actividad econ\u00f3mico-financiera de los partidos pol\u00edticos<\/a><\/li>\n<li><a href=\"https:\/\/www.boe.es\/buscar\/act.php?id=BOE-A-1985-11672\" target=\"_blank\" rel=\"noopener\">Ley org\u00e1nica 5\/1985, de 19 de junio, del r\u00e9gimen electoral general<\/a><\/li>\n<li><a href=\"https:\/\/www.boe.es\/buscar\/act.php?id=BOE-A-1982-11584\">Ley org\u00e1nica 2\/1982, de 12 de mayo, del tribunal de cuentas.<\/a><\/li>\n<li><a href=\"https:\/\/www.boe.es\/buscar\/act.php?id=BOE-A-2013-12887\" target=\"_blank\" rel=\"noopener\">Ley 19\/2013, de 9 de diciembre, de transparencia, acceso a la informaci\u00f3n p\u00fablica y buen gobierno.<\/a><\/li>\n<li><a href=\"https:\/\/www.boe.es\/eli\/es-cn\/l\/2014\/12\/26\/12\/con\" target=\"_blank\" rel=\"noopener\">Ley 12\/2014, de 26 de diciembre, de transparencia y de acceso a la informaci\u00f3n p\u00fablica<\/a><\/li>\n<\/ul>\n","protected":false},"excerpt":{"rendered":"<p>Dentro de la amplia legislaci\u00f3n que rige la vida de los partidos pol\u00edticos, esta es la principal: Ley org\u00e1nica 6\/2002, de 27 de junio, de partidos pol\u00edticos\u00a0 Ley org\u00e1nica 8\/2007, de 4 de julio, sobre financiaci\u00f3n de los partidos pol\u00edticos. Ley org\u00e1nica 5\/2012, de 22 de octubre, de reforma de la ley org\u00e1nica 8\/2007 de [&hellip;]<\/p>\n","protected":false},"author":1,"featured_media":8406,"parent":0,"menu_order":0,"comment_status":"closed","ping_status":"closed","template":"","meta":{"footnotes":""},"class_list":["post-61467","page","type-page","status-publish","has-post-thumbnail","hentry"],"featured_image_src":"https:\/\/psoecanarias.com\/web\/wp-content\/uploads\/2020\/03\/thumb_noimages.jpg","yoast_head":"<!-- This site is optimized with the Yoast SEO plugin v27.2 - https:\/\/yoast.com\/product\/yoast-seo-wordpress\/ -->\n<title>Normativa aplicable a los partidos pol\u00edticos | PSOE Canarias<\/title>\n<meta name=\"robots\" content=\"index, follow, max-snippet:-1, max-image-preview:large, max-video-preview:-1\" \/>\n<link rel=\"canonical\" href=\"https:\/\/psoecanarias.com\/web\/normativa-aplicable-a-los-partidos-politicos\/\" \/>\n<meta property=\"og:locale\" content=\"es_ES\" \/>\n<meta property=\"og:type\" content=\"article\" \/>\n<meta property=\"og:title\" content=\"Normativa aplicable a los partidos pol\u00edticos | PSOE Canarias\" \/>\n<meta property=\"og:description\" content=\"Dentro de la amplia legislaci\u00f3n que rige la vida de los partidos pol\u00edticos, esta es la principal: Ley org\u00e1nica 6\/2002, de 27 de junio, de partidos pol\u00edticos\u00a0 Ley org\u00e1nica 8\/2007, de 4 de julio, sobre financiaci\u00f3n de los partidos pol\u00edticos. Ley org\u00e1nica 5\/2012, de 22 de octubre, de reforma de la ley org\u00e1nica 8\/2007 de [&hellip;]\" \/>\n<meta property=\"og:url\" content=\"https:\/\/psoecanarias.com\/web\/normativa-aplicable-a-los-partidos-politicos\/\" \/>\n<meta property=\"og:site_name\" content=\"PSOE Canarias\" \/>\n<meta property=\"article:modified_time\" content=\"2025-12-02T12:44:27+00:00\" \/>\n<meta name=\"twitter:card\" content=\"summary_large_image\" \/>\n<script type=\"application\/ld+json\" class=\"yoast-schema-graph\">{\"@context\":\"https:\/\/schema.org\",\"@graph\":[{\"@type\":\"WebPage\",\"@id\":\"https:\/\/psoecanarias.com\/web\/normativa-aplicable-a-los-partidos-politicos\/\",\"url\":\"https:\/\/psoecanarias.com\/web\/normativa-aplicable-a-los-partidos-politicos\/\",\"name\":\"Normativa aplicable a los partidos pol\u00edticos | PSOE Canarias\",\"isPartOf\":{\"@id\":\"https:\/\/psoecanarias.com\/web\/#website\"},\"primaryImageOfPage\":{\"@id\":\"https:\/\/psoecanarias.com\/web\/normativa-aplicable-a-los-partidos-politicos\/#primaryimage\"},\"image\":{\"@id\":\"https:\/\/psoecanarias.com\/web\/normativa-aplicable-a-los-partidos-politicos\/#primaryimage\"},\"thumbnailUrl\":\"https:\/\/psoecanarias.com\/web\/wp-content\/uploads\/2020\/03\/thumb_noimages.jpg\",\"datePublished\":\"2025-11-13T10:01:48+00:00\",\"dateModified\":\"2025-12-02T12:44:27+00:00\",\"breadcrumb\":{\"@id\":\"https:\/\/psoecanarias.com\/web\/normativa-aplicable-a-los-partidos-politicos\/#breadcrumb\"},\"inLanguage\":\"es\",\"potentialAction\":[{\"@type\":\"ReadAction\",\"target\":[\"https:\/\/psoecanarias.com\/web\/normativa-aplicable-a-los-partidos-politicos\/\"]}]},{\"@type\":\"ImageObject\",\"inLanguage\":\"es\",\"@id\":\"https:\/\/psoecanarias.com\/web\/normativa-aplicable-a-los-partidos-politicos\/#primaryimage\",\"url\":\"https:\/\/psoecanarias.com\/web\/wp-content\/uploads\/2020\/03\/thumb_noimages.jpg\",\"contentUrl\":\"https:\/\/psoecanarias.com\/web\/wp-content\/uploads\/2020\/03\/thumb_noimages.jpg\",\"width\":303,\"height\":200},{\"@type\":\"BreadcrumbList\",\"@id\":\"https:\/\/psoecanarias.com\/web\/normativa-aplicable-a-los-partidos-politicos\/#breadcrumb\",\"itemListElement\":[{\"@type\":\"ListItem\",\"position\":1,\"name\":\"Portada\",\"item\":\"https:\/\/psoecanarias.com\/web\/\"},{\"@type\":\"ListItem\",\"position\":2,\"name\":\"Normativa aplicable a los partidos pol\u00edticos\"}]},{\"@type\":\"WebSite\",\"@id\":\"https:\/\/psoecanarias.com\/web\/#website\",\"url\":\"https:\/\/psoecanarias.com\/web\/\",\"name\":\"PSOE Canarias\",\"description\":\"Partido Socialista Obrero Espa\u00f1ol Canarias\",\"potentialAction\":[{\"@type\":\"SearchAction\",\"target\":{\"@type\":\"EntryPoint\",\"urlTemplate\":\"https:\/\/psoecanarias.com\/web\/?s={search_term_string}\"},\"query-input\":{\"@type\":\"PropertyValueSpecification\",\"valueRequired\":true,\"valueName\":\"search_term_string\"}}],\"inLanguage\":\"es\"}]}<\/script>\n<!-- \/ Yoast SEO plugin. -->","yoast_head_json":{"title":"Normativa aplicable a los partidos pol\u00edticos | PSOE Canarias","robots":{"index":"index","follow":"follow","max-snippet":"max-snippet:-1","max-image-preview":"max-image-preview:large","max-video-preview":"max-video-preview:-1"},"canonical":"https:\/\/psoecanarias.com\/web\/normativa-aplicable-a-los-partidos-politicos\/","og_locale":"es_ES","og_type":"article","og_title":"Normativa aplicable a los partidos pol\u00edticos | PSOE Canarias","og_description":"Dentro de la amplia legislaci\u00f3n que rige la vida de los partidos pol\u00edticos, esta es la principal: Ley org\u00e1nica 6\/2002, de 27 de junio, de partidos pol\u00edticos\u00a0 Ley org\u00e1nica 8\/2007, de 4 de julio, sobre financiaci\u00f3n de los partidos pol\u00edticos. Ley org\u00e1nica 5\/2012, de 22 de octubre, de reforma de la ley org\u00e1nica 8\/2007 de [&hellip;]","og_url":"https:\/\/psoecanarias.com\/web\/normativa-aplicable-a-los-partidos-politicos\/","og_site_name":"PSOE Canarias","article_modified_time":"2025-12-02T12:44:27+00:00","twitter_card":"summary_large_image","schema":{"@context":"https:\/\/schema.org","@graph":[{"@type":"WebPage","@id":"https:\/\/psoecanarias.com\/web\/normativa-aplicable-a-los-partidos-politicos\/","url":"https:\/\/psoecanarias.com\/web\/normativa-aplicable-a-los-partidos-politicos\/","name":"Normativa aplicable a los partidos pol\u00edticos | PSOE Canarias","isPartOf":{"@id":"https:\/\/psoecanarias.com\/web\/#website"},"primaryImageOfPage":{"@id":"https:\/\/psoecanarias.com\/web\/normativa-aplicable-a-los-partidos-politicos\/#primaryimage"},"image":{"@id":"https:\/\/psoecanarias.com\/web\/normativa-aplicable-a-los-partidos-politicos\/#primaryimage"},"thumbnailUrl":"https:\/\/psoecanarias.com\/web\/wp-content\/uploads\/2020\/03\/thumb_noimages.jpg","datePublished":"2025-11-13T10:01:48+00:00","dateModified":"2025-12-02T12:44:27+00:00","breadcrumb":{"@id":"https:\/\/psoecanarias.com\/web\/normativa-aplicable-a-los-partidos-politicos\/#breadcrumb"},"inLanguage":"es","potentialAction":[{"@type":"ReadAction","target":["https:\/\/psoecanarias.com\/web\/normativa-aplicable-a-los-partidos-politicos\/"]}]},{"@type":"ImageObject","inLanguage":"es","@id":"https:\/\/psoecanarias.com\/web\/normativa-aplicable-a-los-partidos-politicos\/#primaryimage","url":"https:\/\/psoecanarias.com\/web\/wp-content\/uploads\/2020\/03\/thumb_noimages.jpg","contentUrl":"https:\/\/psoecanarias.com\/web\/wp-content\/uploads\/2020\/03\/thumb_noimages.jpg","width":303,"height":200},{"@type":"BreadcrumbList","@id":"https:\/\/psoecanarias.com\/web\/normativa-aplicable-a-los-partidos-politicos\/#breadcrumb","itemListElement":[{"@type":"ListItem","position":1,"name":"Portada","item":"https:\/\/psoecanarias.com\/web\/"},{"@type":"ListItem","position":2,"name":"Normativa aplicable a los partidos pol\u00edticos"}]},{"@type":"WebSite","@id":"https:\/\/psoecanarias.com\/web\/#website","url":"https:\/\/psoecanarias.com\/web\/","name":"PSOE Canarias","description":"Partido Socialista Obrero Espa\u00f1ol Canarias","potentialAction":[{"@type":"SearchAction","target":{"@type":"EntryPoint","urlTemplate":"https:\/\/psoecanarias.com\/web\/?s={search_term_string}"},"query-input":{"@type":"PropertyValueSpecification","valueRequired":true,"valueName":"search_term_string"}}],"inLanguage":"es"}]}},"_links":{"self":[{"href":"https:\/\/psoecanarias.com\/web\/wp-json\/wp\/v2\/pages\/61467","targetHints":{"allow":["GET"]}}],"collection":[{"href":"https:\/\/psoecanarias.com\/web\/wp-json\/wp\/v2\/pages"}],"about":[{"href":"https:\/\/psoecanarias.com\/web\/wp-json\/wp\/v2\/types\/page"}],"author":[{"embeddable":true,"href":"https:\/\/psoecanarias.com\/web\/wp-json\/wp\/v2\/users\/1"}],"replies":[{"embeddable":true,"href":"https:\/\/psoecanarias.com\/web\/wp-json\/wp\/v2\/comments?post=61467"}],"version-history":[{"count":8,"href":"https:\/\/psoecanarias.com\/web\/wp-json\/wp\/v2\/pages\/61467\/revisions"}],"predecessor-version":[{"id":61961,"href":"https:\/\/psoecanarias.com\/web\/wp-json\/wp\/v2\/pages\/61467\/revisions\/61961"}],"wp:featuredmedia":[{"embeddable":true,"href":"https:\/\/psoecanarias.com\/web\/wp-json\/wp\/v2\/media\/8406"}],"wp:attachment":[{"href":"https:\/\/psoecanarias.com\/web\/wp-json\/wp\/v2\/media?parent=61467"}],"curies":[{"name":"wp","href":"https:\/\/api.w.org\/{rel}","templated":true}]}}