{"id":62009,"date":"2025-12-04T15:11:15","date_gmt":"2025-12-04T15:11:15","guid":{"rendered":"https:\/\/psoecanarias.com\/web\/?page_id=62009"},"modified":"2026-01-16T19:06:31","modified_gmt":"2026-01-16T19:06:31","slug":"codigo-etico","status":"publish","type":"page","link":"https:\/\/psoecanarias.com\/web\/codigo-etico\/","title":{"rendered":"C\u00f3digo \u00e9tico y de conducta"},"content":{"rendered":"<p data-start=\"182\" data-end=\"739\">El C\u00f3digo \u00c9tico y de Conducta del PSOE, aprobado en marzo de 2023 y revisado y actualizado en julio de 2025, establece el marco de principios, valores y normas que deben guiar el comportamiento de todas las personas vinculadas al partido, incluyendo militantes, cargos org\u00e1nicos, cargos p\u00fablicos, personal trabajador y, otras personas con vinculaci\u00f3n.<\/p>\n<p data-start=\"741\" data-end=\"1276\">El C\u00f3digo se fundamenta en valores como la honestidad, la transparencia, la responsabilidad, el respeto, la igualdad, la austeridad y la sostenibilidad. Estos valores deben inspirar tanto la actuaci\u00f3n p\u00fablica como la interna, y servir de referencia para la toma de decisiones y la resoluci\u00f3n de posibles conflictos \u00e9ticos.<\/p>\n<p data-start=\"1278\" data-end=\"1634\">Asimismo, contempla la pol\u00edtica anticorrupci\u00f3n del Partido en los apartados relacionados con el <strong data-start=\"322\" data-end=\"366\">Cumplimiento del Marco Legal y Normativo<\/strong> (Secci\u00f3n 5.1), la <strong data-start=\"383\" data-end=\"427\">Financiaci\u00f3n del Partido y Transparencia<\/strong> (Secci\u00f3n 5.2), el <strong data-start=\"793\" data-end=\"870\">Sistema de Cumplimiento Normativo y una Oficina de Cumplimiento Normativo<\/strong><span data-start=\"793\" data-end=\"870\">, y el <\/span><strong data-start=\"1002\" data-end=\"1040\">canal de denuncias y reclamaciones.<\/strong><\/p>\n<p data-start=\"1278\" data-end=\"1634\">Adem\u00e1s, se integra en el r\u00e9gimen disciplinario del PSOE, de modo que su incumplimiento puede dar lugar a sanciones conforme a los Estatutos Federales.<\/p>\n<p><a href=\"https:\/\/www.psoe.es\/media-content\/2023\/03\/PSOEcodigo_Etico.pdf\">C\u00f3digo \u00c9tico y de Conducta PSOE (PDF)<\/a><\/p>\n<p><a href=\"https:\/\/psoecanarias.com\/web\/wp-content\/uploads\/2025\/12\/PSOEcodigo_Etico.odt\">C\u00f3digo \u00c9tico y de Conducta PSOE (ODT)<\/a><\/p>\n","protected":false},"excerpt":{"rendered":"<p>El C\u00f3digo \u00c9tico y de Conducta del PSOE, aprobado en marzo de 2023 y revisado y actualizado en julio de 2025, establece el marco de principios, valores y normas que deben guiar el comportamiento de todas las personas vinculadas al partido, incluyendo militantes, cargos org\u00e1nicos, cargos p\u00fablicos, personal trabajador y, otras personas con vinculaci\u00f3n. El [&hellip;]<\/p>\n","protected":false},"author":1,"featured_media":8406,"parent":0,"menu_order":0,"comment_status":"closed","ping_status":"closed","template":"","meta":{"footnotes":""},"class_list":["post-62009","page","type-page","status-publish","has-post-thumbnail","hentry"],"featured_image_src":"https:\/\/psoecanarias.com\/web\/wp-content\/uploads\/2020\/03\/thumb_noimages.jpg","yoast_head":"<!-- This site is optimized with the Yoast SEO plugin v27.2 - https:\/\/yoast.com\/product\/yoast-seo-wordpress\/ -->\n<title>C\u00f3digo \u00e9tico y de conducta | PSOE Canarias<\/title>\n<meta name=\"robots\" content=\"index, follow, max-snippet:-1, max-image-preview:large, max-video-preview:-1\" \/>\n<link rel=\"canonical\" href=\"https:\/\/psoecanarias.com\/web\/codigo-etico\/\" \/>\n<meta property=\"og:locale\" content=\"es_ES\" \/>\n<meta property=\"og:type\" content=\"article\" \/>\n<meta property=\"og:title\" content=\"C\u00f3digo \u00e9tico y de conducta | PSOE Canarias\" \/>\n<meta property=\"og:description\" content=\"El C\u00f3digo \u00c9tico y de Conducta del PSOE, aprobado en marzo de 2023 y revisado y actualizado en julio de 2025, establece el marco de principios, valores y normas que deben guiar el comportamiento de todas las personas vinculadas al partido, incluyendo militantes, cargos org\u00e1nicos, cargos p\u00fablicos, personal trabajador y, otras personas con vinculaci\u00f3n. El [&hellip;]\" \/>\n<meta property=\"og:url\" content=\"https:\/\/psoecanarias.com\/web\/codigo-etico\/\" \/>\n<meta property=\"og:site_name\" content=\"PSOE Canarias\" \/>\n<meta property=\"article:modified_time\" content=\"2026-01-16T19:06:31+00:00\" \/>\n<meta name=\"twitter:card\" content=\"summary_large_image\" \/>\n<script type=\"application\/ld+json\" class=\"yoast-schema-graph\">{\"@context\":\"https:\/\/schema.org\",\"@graph\":[{\"@type\":\"WebPage\",\"@id\":\"https:\/\/psoecanarias.com\/web\/codigo-etico\/\",\"url\":\"https:\/\/psoecanarias.com\/web\/codigo-etico\/\",\"name\":\"C\u00f3digo \u00e9tico y de conducta | PSOE Canarias\",\"isPartOf\":{\"@id\":\"https:\/\/psoecanarias.com\/web\/#website\"},\"primaryImageOfPage\":{\"@id\":\"https:\/\/psoecanarias.com\/web\/codigo-etico\/#primaryimage\"},\"image\":{\"@id\":\"https:\/\/psoecanarias.com\/web\/codigo-etico\/#primaryimage\"},\"thumbnailUrl\":\"https:\/\/psoecanarias.com\/web\/wp-content\/uploads\/2020\/03\/thumb_noimages.jpg\",\"datePublished\":\"2025-12-04T15:11:15+00:00\",\"dateModified\":\"2026-01-16T19:06:31+00:00\",\"breadcrumb\":{\"@id\":\"https:\/\/psoecanarias.com\/web\/codigo-etico\/#breadcrumb\"},\"inLanguage\":\"es\",\"potentialAction\":[{\"@type\":\"ReadAction\",\"target\":[\"https:\/\/psoecanarias.com\/web\/codigo-etico\/\"]}]},{\"@type\":\"ImageObject\",\"inLanguage\":\"es\",\"@id\":\"https:\/\/psoecanarias.com\/web\/codigo-etico\/#primaryimage\",\"url\":\"https:\/\/psoecanarias.com\/web\/wp-content\/uploads\/2020\/03\/thumb_noimages.jpg\",\"contentUrl\":\"https:\/\/psoecanarias.com\/web\/wp-content\/uploads\/2020\/03\/thumb_noimages.jpg\",\"width\":303,\"height\":200},{\"@type\":\"BreadcrumbList\",\"@id\":\"https:\/\/psoecanarias.com\/web\/codigo-etico\/#breadcrumb\",\"itemListElement\":[{\"@type\":\"ListItem\",\"position\":1,\"name\":\"Portada\",\"item\":\"https:\/\/psoecanarias.com\/web\/\"},{\"@type\":\"ListItem\",\"position\":2,\"name\":\"C\u00f3digo \u00e9tico y de conducta\"}]},{\"@type\":\"WebSite\",\"@id\":\"https:\/\/psoecanarias.com\/web\/#website\",\"url\":\"https:\/\/psoecanarias.com\/web\/\",\"name\":\"PSOE Canarias\",\"description\":\"Partido Socialista Obrero Espa\u00f1ol Canarias\",\"potentialAction\":[{\"@type\":\"SearchAction\",\"target\":{\"@type\":\"EntryPoint\",\"urlTemplate\":\"https:\/\/psoecanarias.com\/web\/?s={search_term_string}\"},\"query-input\":{\"@type\":\"PropertyValueSpecification\",\"valueRequired\":true,\"valueName\":\"search_term_string\"}}],\"inLanguage\":\"es\"}]}<\/script>\n<!-- \/ Yoast SEO plugin. -->","yoast_head_json":{"title":"C\u00f3digo \u00e9tico y de conducta | PSOE Canarias","robots":{"index":"index","follow":"follow","max-snippet":"max-snippet:-1","max-image-preview":"max-image-preview:large","max-video-preview":"max-video-preview:-1"},"canonical":"https:\/\/psoecanarias.com\/web\/codigo-etico\/","og_locale":"es_ES","og_type":"article","og_title":"C\u00f3digo \u00e9tico y de conducta | PSOE Canarias","og_description":"El C\u00f3digo \u00c9tico y de Conducta del PSOE, aprobado en marzo de 2023 y revisado y actualizado en julio de 2025, establece el marco de principios, valores y normas que deben guiar el comportamiento de todas las personas vinculadas al partido, incluyendo militantes, cargos org\u00e1nicos, cargos p\u00fablicos, personal trabajador y, otras personas con vinculaci\u00f3n. El [&hellip;]","og_url":"https:\/\/psoecanarias.com\/web\/codigo-etico\/","og_site_name":"PSOE Canarias","article_modified_time":"2026-01-16T19:06:31+00:00","twitter_card":"summary_large_image","schema":{"@context":"https:\/\/schema.org","@graph":[{"@type":"WebPage","@id":"https:\/\/psoecanarias.com\/web\/codigo-etico\/","url":"https:\/\/psoecanarias.com\/web\/codigo-etico\/","name":"C\u00f3digo \u00e9tico y de conducta | PSOE Canarias","isPartOf":{"@id":"https:\/\/psoecanarias.com\/web\/#website"},"primaryImageOfPage":{"@id":"https:\/\/psoecanarias.com\/web\/codigo-etico\/#primaryimage"},"image":{"@id":"https:\/\/psoecanarias.com\/web\/codigo-etico\/#primaryimage"},"thumbnailUrl":"https:\/\/psoecanarias.com\/web\/wp-content\/uploads\/2020\/03\/thumb_noimages.jpg","datePublished":"2025-12-04T15:11:15+00:00","dateModified":"2026-01-16T19:06:31+00:00","breadcrumb":{"@id":"https:\/\/psoecanarias.com\/web\/codigo-etico\/#breadcrumb"},"inLanguage":"es","potentialAction":[{"@type":"ReadAction","target":["https:\/\/psoecanarias.com\/web\/codigo-etico\/"]}]},{"@type":"ImageObject","inLanguage":"es","@id":"https:\/\/psoecanarias.com\/web\/codigo-etico\/#primaryimage","url":"https:\/\/psoecanarias.com\/web\/wp-content\/uploads\/2020\/03\/thumb_noimages.jpg","contentUrl":"https:\/\/psoecanarias.com\/web\/wp-content\/uploads\/2020\/03\/thumb_noimages.jpg","width":303,"height":200},{"@type":"BreadcrumbList","@id":"https:\/\/psoecanarias.com\/web\/codigo-etico\/#breadcrumb","itemListElement":[{"@type":"ListItem","position":1,"name":"Portada","item":"https:\/\/psoecanarias.com\/web\/"},{"@type":"ListItem","position":2,"name":"C\u00f3digo \u00e9tico y de conducta"}]},{"@type":"WebSite","@id":"https:\/\/psoecanarias.com\/web\/#website","url":"https:\/\/psoecanarias.com\/web\/","name":"PSOE Canarias","description":"Partido Socialista Obrero Espa\u00f1ol Canarias","potentialAction":[{"@type":"SearchAction","target":{"@type":"EntryPoint","urlTemplate":"https:\/\/psoecanarias.com\/web\/?s={search_term_string}"},"query-input":{"@type":"PropertyValueSpecification","valueRequired":true,"valueName":"search_term_string"}}],"inLanguage":"es"}]}},"_links":{"self":[{"href":"https:\/\/psoecanarias.com\/web\/wp-json\/wp\/v2\/pages\/62009","targetHints":{"allow":["GET"]}}],"collection":[{"href":"https:\/\/psoecanarias.com\/web\/wp-json\/wp\/v2\/pages"}],"about":[{"href":"https:\/\/psoecanarias.com\/web\/wp-json\/wp\/v2\/types\/page"}],"author":[{"embeddable":true,"href":"https:\/\/psoecanarias.com\/web\/wp-json\/wp\/v2\/users\/1"}],"replies":[{"embeddable":true,"href":"https:\/\/psoecanarias.com\/web\/wp-json\/wp\/v2\/comments?post=62009"}],"version-history":[{"count":7,"href":"https:\/\/psoecanarias.com\/web\/wp-json\/wp\/v2\/pages\/62009\/revisions"}],"predecessor-version":[{"id":63037,"href":"https:\/\/psoecanarias.com\/web\/wp-json\/wp\/v2\/pages\/62009\/revisions\/63037"}],"wp:featuredmedia":[{"embeddable":true,"href":"https:\/\/psoecanarias.com\/web\/wp-json\/wp\/v2\/media\/8406"}],"wp:attachment":[{"href":"https:\/\/psoecanarias.com\/web\/wp-json\/wp\/v2\/media?parent=62009"}],"curies":[{"name":"wp","href":"https:\/\/api.w.org\/{rel}","templated":true}]}}