{"id":62987,"date":"2026-01-15T14:26:34","date_gmt":"2026-01-15T14:26:34","guid":{"rendered":"https:\/\/psoecanarias.com\/web\/?page_id=62987"},"modified":"2026-01-19T11:53:48","modified_gmt":"2026-01-19T11:53:48","slug":"informacion-presupuestaria-y-contable","status":"publish","type":"page","link":"https:\/\/psoecanarias.com\/web\/informacion-presupuestaria-y-contable\/","title":{"rendered":"Informaci\u00f3n presupuestaria y contable"},"content":{"rendered":"\n<p><strong>A\u00f1o 2024<\/strong><\/p>\n\n\n\n<ul class=\"wp-block-list\">\n<li><a href=\"https:\/\/psoecanarias.com\/web\/wp-content\/uploads\/2025\/11\/PRESUPUESTOS-2024.odt\">Presupuesto 2024 &#8211; PSOE (ODT)<\/a><\/li>\n\n\n\n<li><a href=\"https:\/\/psoecanarias.com\/web\/wp-content\/uploads\/2025\/11\/ESTADOS-FINANCIEROS-2024.odt\">Estados financieros 2024 &#8211; PSOE (ODT)<\/a><\/li>\n\n\n\n<li><a href=\"https:\/\/psoecanarias.com\/web\/wp-content\/uploads\/2025\/11\/INGRESOS-ORIGEN-PRIVADO-2024.odt\">Ingresos de origen privado 2024 &#8211; PSOE (ODT)<\/a><\/li>\n\n\n\n<li><a href=\"https:\/\/psoecanarias.com\/web\/wp-content\/uploads\/2025\/11\/INGRESOS-ORIGEN-PUBLICO-2024.odt\">Ingresos de origen p\u00fablico 2024 &#8211; PSOE (ODT)<\/a><\/li>\n\n\n\n<li><a href=\"https:\/\/psoecanarias.com\/web\/wp-content\/uploads\/2025\/12\/FUENTES-DE-FINANCIACION-PSOE-CANARIAS-2024.pdf\">Fuentes de financiaci\u00f3n PSOE Canarias (PDF)<\/a> \/ <a href=\"https:\/\/psoecanarias.com\/web\/wp-content\/uploads\/2025\/12\/FUENTES-DE-FINANCIACION-PSOE-CANARIAS-2024.odt\">Fuentes de financiaci\u00f3n PSOE Canarias (ODT)<\/a><\/li>\n<\/ul>\n\n\n\n<p><em>El PSOE Canarias no ha recibido donaciones \u00fanicas superiores a 25.000 euros, ni legados superiores a la citada cuant\u00eda.<\/em><br><br><strong>Retribuciones<\/strong><\/p>\n\n\n\n<p class=\"has-text-align-left\">Ning\u00fan ni ninguna integrante de la Comisi\u00f3n Ejecutiva Regional del PSOE Canarias percibe retribuciones por formar parte de la misma en la actualidad y en los a\u00f1os precedentes. <br><br><strong><em><a href=\"https:\/\/psoecanarias.com\/web\/wp-content\/uploads\/2026\/01\/RETRIBUCIONES.pdf\">Documento acreditativo no percepci\u00f3n de retribuciones de los cargos directivos del PSOE Canarias (PDF)<\/a> \/ <a href=\"https:\/\/psoecanarias.com\/web\/wp-content\/uploads\/2026\/01\/RETRIBUCIONES.odt\">Documento acreditativo no percepci\u00f3n de retribuciones de los cargos directivos del PSOE Canarias (ODT)<\/a><\/em><\/strong><\/p>\n","protected":false},"excerpt":{"rendered":"<p>A\u00f1o 2024 El PSOE Canarias no ha recibido donaciones \u00fanicas superiores a 25.000 euros, ni legados superiores a la citada cuant\u00eda. Retribuciones Ning\u00fan ni ninguna integrante de la Comisi\u00f3n Ejecutiva Regional del PSOE Canarias percibe retribuciones por formar parte de la misma en la actualidad y en los a\u00f1os precedentes. Documento acreditativo no percepci\u00f3n de [&hellip;]<\/p>\n","protected":false},"author":1,"featured_media":8406,"parent":0,"menu_order":0,"comment_status":"closed","ping_status":"closed","template":"","meta":{"footnotes":""},"class_list":["post-62987","page","type-page","status-publish","has-post-thumbnail","hentry"],"featured_image_src":"https:\/\/psoecanarias.com\/web\/wp-content\/uploads\/2020\/03\/thumb_noimages.jpg","yoast_head":"<!-- This site is optimized with the Yoast SEO plugin v27.2 - https:\/\/yoast.com\/product\/yoast-seo-wordpress\/ -->\n<title>Informaci\u00f3n presupuestaria y contable | PSOE Canarias<\/title>\n<meta name=\"robots\" content=\"index, follow, max-snippet:-1, max-image-preview:large, max-video-preview:-1\" \/>\n<link rel=\"canonical\" href=\"https:\/\/psoecanarias.com\/web\/informacion-presupuestaria-y-contable\/\" \/>\n<meta property=\"og:locale\" content=\"es_ES\" \/>\n<meta property=\"og:type\" content=\"article\" \/>\n<meta property=\"og:title\" content=\"Informaci\u00f3n presupuestaria y contable | PSOE Canarias\" \/>\n<meta property=\"og:description\" content=\"A\u00f1o 2024 El PSOE Canarias no ha recibido donaciones \u00fanicas superiores a 25.000 euros, ni legados superiores a la citada cuant\u00eda. Retribuciones Ning\u00fan ni ninguna integrante de la Comisi\u00f3n Ejecutiva Regional del PSOE Canarias percibe retribuciones por formar parte de la misma en la actualidad y en los a\u00f1os precedentes. Documento acreditativo no percepci\u00f3n de [&hellip;]\" \/>\n<meta property=\"og:url\" content=\"https:\/\/psoecanarias.com\/web\/informacion-presupuestaria-y-contable\/\" \/>\n<meta property=\"og:site_name\" content=\"PSOE Canarias\" \/>\n<meta property=\"article:modified_time\" content=\"2026-01-19T11:53:48+00:00\" \/>\n<meta name=\"twitter:card\" content=\"summary_large_image\" \/>\n<script type=\"application\/ld+json\" class=\"yoast-schema-graph\">{\"@context\":\"https:\/\/schema.org\",\"@graph\":[{\"@type\":\"WebPage\",\"@id\":\"https:\/\/psoecanarias.com\/web\/informacion-presupuestaria-y-contable\/\",\"url\":\"https:\/\/psoecanarias.com\/web\/informacion-presupuestaria-y-contable\/\",\"name\":\"Informaci\u00f3n presupuestaria y contable | PSOE Canarias\",\"isPartOf\":{\"@id\":\"https:\/\/psoecanarias.com\/web\/#website\"},\"primaryImageOfPage\":{\"@id\":\"https:\/\/psoecanarias.com\/web\/informacion-presupuestaria-y-contable\/#primaryimage\"},\"image\":{\"@id\":\"https:\/\/psoecanarias.com\/web\/informacion-presupuestaria-y-contable\/#primaryimage\"},\"thumbnailUrl\":\"https:\/\/psoecanarias.com\/web\/wp-content\/uploads\/2020\/03\/thumb_noimages.jpg\",\"datePublished\":\"2026-01-15T14:26:34+00:00\",\"dateModified\":\"2026-01-19T11:53:48+00:00\",\"breadcrumb\":{\"@id\":\"https:\/\/psoecanarias.com\/web\/informacion-presupuestaria-y-contable\/#breadcrumb\"},\"inLanguage\":\"es\",\"potentialAction\":[{\"@type\":\"ReadAction\",\"target\":[\"https:\/\/psoecanarias.com\/web\/informacion-presupuestaria-y-contable\/\"]}]},{\"@type\":\"ImageObject\",\"inLanguage\":\"es\",\"@id\":\"https:\/\/psoecanarias.com\/web\/informacion-presupuestaria-y-contable\/#primaryimage\",\"url\":\"https:\/\/psoecanarias.com\/web\/wp-content\/uploads\/2020\/03\/thumb_noimages.jpg\",\"contentUrl\":\"https:\/\/psoecanarias.com\/web\/wp-content\/uploads\/2020\/03\/thumb_noimages.jpg\",\"width\":303,\"height\":200},{\"@type\":\"BreadcrumbList\",\"@id\":\"https:\/\/psoecanarias.com\/web\/informacion-presupuestaria-y-contable\/#breadcrumb\",\"itemListElement\":[{\"@type\":\"ListItem\",\"position\":1,\"name\":\"Portada\",\"item\":\"https:\/\/psoecanarias.com\/web\/\"},{\"@type\":\"ListItem\",\"position\":2,\"name\":\"Informaci\u00f3n presupuestaria y contable\"}]},{\"@type\":\"WebSite\",\"@id\":\"https:\/\/psoecanarias.com\/web\/#website\",\"url\":\"https:\/\/psoecanarias.com\/web\/\",\"name\":\"PSOE Canarias\",\"description\":\"Partido Socialista Obrero Espa\u00f1ol Canarias\",\"potentialAction\":[{\"@type\":\"SearchAction\",\"target\":{\"@type\":\"EntryPoint\",\"urlTemplate\":\"https:\/\/psoecanarias.com\/web\/?s={search_term_string}\"},\"query-input\":{\"@type\":\"PropertyValueSpecification\",\"valueRequired\":true,\"valueName\":\"search_term_string\"}}],\"inLanguage\":\"es\"}]}<\/script>\n<!-- \/ Yoast SEO plugin. -->","yoast_head_json":{"title":"Informaci\u00f3n presupuestaria y contable | PSOE Canarias","robots":{"index":"index","follow":"follow","max-snippet":"max-snippet:-1","max-image-preview":"max-image-preview:large","max-video-preview":"max-video-preview:-1"},"canonical":"https:\/\/psoecanarias.com\/web\/informacion-presupuestaria-y-contable\/","og_locale":"es_ES","og_type":"article","og_title":"Informaci\u00f3n presupuestaria y contable | PSOE Canarias","og_description":"A\u00f1o 2024 El PSOE Canarias no ha recibido donaciones \u00fanicas superiores a 25.000 euros, ni legados superiores a la citada cuant\u00eda. Retribuciones Ning\u00fan ni ninguna integrante de la Comisi\u00f3n Ejecutiva Regional del PSOE Canarias percibe retribuciones por formar parte de la misma en la actualidad y en los a\u00f1os precedentes. Documento acreditativo no percepci\u00f3n de [&hellip;]","og_url":"https:\/\/psoecanarias.com\/web\/informacion-presupuestaria-y-contable\/","og_site_name":"PSOE Canarias","article_modified_time":"2026-01-19T11:53:48+00:00","twitter_card":"summary_large_image","schema":{"@context":"https:\/\/schema.org","@graph":[{"@type":"WebPage","@id":"https:\/\/psoecanarias.com\/web\/informacion-presupuestaria-y-contable\/","url":"https:\/\/psoecanarias.com\/web\/informacion-presupuestaria-y-contable\/","name":"Informaci\u00f3n presupuestaria y contable | PSOE Canarias","isPartOf":{"@id":"https:\/\/psoecanarias.com\/web\/#website"},"primaryImageOfPage":{"@id":"https:\/\/psoecanarias.com\/web\/informacion-presupuestaria-y-contable\/#primaryimage"},"image":{"@id":"https:\/\/psoecanarias.com\/web\/informacion-presupuestaria-y-contable\/#primaryimage"},"thumbnailUrl":"https:\/\/psoecanarias.com\/web\/wp-content\/uploads\/2020\/03\/thumb_noimages.jpg","datePublished":"2026-01-15T14:26:34+00:00","dateModified":"2026-01-19T11:53:48+00:00","breadcrumb":{"@id":"https:\/\/psoecanarias.com\/web\/informacion-presupuestaria-y-contable\/#breadcrumb"},"inLanguage":"es","potentialAction":[{"@type":"ReadAction","target":["https:\/\/psoecanarias.com\/web\/informacion-presupuestaria-y-contable\/"]}]},{"@type":"ImageObject","inLanguage":"es","@id":"https:\/\/psoecanarias.com\/web\/informacion-presupuestaria-y-contable\/#primaryimage","url":"https:\/\/psoecanarias.com\/web\/wp-content\/uploads\/2020\/03\/thumb_noimages.jpg","contentUrl":"https:\/\/psoecanarias.com\/web\/wp-content\/uploads\/2020\/03\/thumb_noimages.jpg","width":303,"height":200},{"@type":"BreadcrumbList","@id":"https:\/\/psoecanarias.com\/web\/informacion-presupuestaria-y-contable\/#breadcrumb","itemListElement":[{"@type":"ListItem","position":1,"name":"Portada","item":"https:\/\/psoecanarias.com\/web\/"},{"@type":"ListItem","position":2,"name":"Informaci\u00f3n presupuestaria y contable"}]},{"@type":"WebSite","@id":"https:\/\/psoecanarias.com\/web\/#website","url":"https:\/\/psoecanarias.com\/web\/","name":"PSOE Canarias","description":"Partido Socialista Obrero Espa\u00f1ol Canarias","potentialAction":[{"@type":"SearchAction","target":{"@type":"EntryPoint","urlTemplate":"https:\/\/psoecanarias.com\/web\/?s={search_term_string}"},"query-input":{"@type":"PropertyValueSpecification","valueRequired":true,"valueName":"search_term_string"}}],"inLanguage":"es"}]}},"_links":{"self":[{"href":"https:\/\/psoecanarias.com\/web\/wp-json\/wp\/v2\/pages\/62987","targetHints":{"allow":["GET"]}}],"collection":[{"href":"https:\/\/psoecanarias.com\/web\/wp-json\/wp\/v2\/pages"}],"about":[{"href":"https:\/\/psoecanarias.com\/web\/wp-json\/wp\/v2\/types\/page"}],"author":[{"embeddable":true,"href":"https:\/\/psoecanarias.com\/web\/wp-json\/wp\/v2\/users\/1"}],"replies":[{"embeddable":true,"href":"https:\/\/psoecanarias.com\/web\/wp-json\/wp\/v2\/comments?post=62987"}],"version-history":[{"count":3,"href":"https:\/\/psoecanarias.com\/web\/wp-json\/wp\/v2\/pages\/62987\/revisions"}],"predecessor-version":[{"id":63116,"href":"https:\/\/psoecanarias.com\/web\/wp-json\/wp\/v2\/pages\/62987\/revisions\/63116"}],"wp:featuredmedia":[{"embeddable":true,"href":"https:\/\/psoecanarias.com\/web\/wp-json\/wp\/v2\/media\/8406"}],"wp:attachment":[{"href":"https:\/\/psoecanarias.com\/web\/wp-json\/wp\/v2\/media?parent=62987"}],"curies":[{"name":"wp","href":"https:\/\/api.w.org\/{rel}","templated":true}]}}