{"id":63162,"date":"2026-01-21T13:13:42","date_gmt":"2026-01-21T13:13:42","guid":{"rendered":"https:\/\/psoecanarias.com\/web\/?page_id=63162"},"modified":"2026-01-21T13:16:07","modified_gmt":"2026-01-21T13:16:07","slug":"programas-electorales-2","status":"publish","type":"page","link":"https:\/\/psoecanarias.com\/web\/programas-electorales-2\/","title":{"rendered":"Programas electorales"},"content":{"rendered":"\n<p>2023<\/p>\n\n\n\n<p><a href=\"https:\/\/psoecanarias.com\/web\/wp-content\/uploads\/2023\/05\/199-MEDIDAS-Y-UN-COMPROMISO_v5.pdf\">Programa electoral &#8211; Auton\u00f3micas 2023 (PDF)<\/a> \/ <a href=\"https:\/\/psoecanarias.com\/web\/wp-content\/uploads\/2025\/12\/199-MEDIDAS-Y-UN-COMPROMISO_v5.txt\">Programa electoral &#8211; Auton\u00f3micas 2023 (TXT)<\/a><\/p>\n\n\n\n<p><a href=\"https:\/\/psoecanarias.com\/web\/wp-content\/uploads\/2023\/05\/Programa-electoral-Lectura-Faicil-PSOE-Canarias-2023.pdf\">Programa electoral (Versi\u00f3n Lectura F\u00e1cil) &#8211; Auton\u00f3micas 2023 (PDF)<\/a><\/p>\n\n\n\n<p>2019<\/p>\n\n\n\n<p><a href=\"https:\/\/www.psoecanarias.com\/web\/wp-content\/uploads\/2019\/05\/PROGRAMA-PSOE.pdf\">Programa electoral &#8211; Auton\u00f3micas 2019 (PDF)<\/a> \/ <a href=\"https:\/\/psoecanarias.com\/web\/wp-content\/uploads\/2025\/12\/PROGRAMA-PSOE.txt\">Programa electoral &#8211; Auton\u00f3micas 2019 (TXT)<\/a><\/p>\n\n\n\n<p><a href=\"https:\/\/psoecanarias.com\/web\/wp-content\/uploads\/2025\/11\/programa_psc-psoe_lf.pdf\">Programa electoral (Versi\u00f3n Lectura F\u00e1cil) &#8211; Auton\u00f3micas 2019 (PDF)<\/a><\/p>\n","protected":false},"excerpt":{"rendered":"<p>2023 Programa electoral &#8211; Auton\u00f3micas 2023 (PDF) \/ Programa electoral &#8211; Auton\u00f3micas 2023 (TXT) Programa electoral (Versi\u00f3n Lectura F\u00e1cil) &#8211; Auton\u00f3micas 2023 (PDF) 2019 Programa electoral &#8211; Auton\u00f3micas 2019 (PDF) \/ Programa electoral &#8211; Auton\u00f3micas 2019 (TXT) Programa electoral (Versi\u00f3n Lectura F\u00e1cil) &#8211; Auton\u00f3micas 2019 (PDF)<\/p>\n","protected":false},"author":1,"featured_media":8406,"parent":0,"menu_order":0,"comment_status":"closed","ping_status":"closed","template":"","meta":{"footnotes":""},"class_list":["post-63162","page","type-page","status-publish","has-post-thumbnail","hentry"],"featured_image_src":"https:\/\/psoecanarias.com\/web\/wp-content\/uploads\/2020\/03\/thumb_noimages.jpg","yoast_head":"<!-- This site is optimized with the Yoast SEO plugin v27.2 - https:\/\/yoast.com\/product\/yoast-seo-wordpress\/ -->\n<title>Programas electorales | PSOE Canarias<\/title>\n<meta name=\"robots\" content=\"index, follow, max-snippet:-1, max-image-preview:large, max-video-preview:-1\" \/>\n<link rel=\"canonical\" href=\"https:\/\/psoecanarias.com\/web\/programas-electorales-2\/\" \/>\n<meta property=\"og:locale\" content=\"es_ES\" \/>\n<meta property=\"og:type\" content=\"article\" \/>\n<meta property=\"og:title\" content=\"Programas electorales | PSOE Canarias\" \/>\n<meta property=\"og:description\" content=\"2023 Programa electoral &#8211; Auton\u00f3micas 2023 (PDF) \/ Programa electoral &#8211; Auton\u00f3micas 2023 (TXT) Programa electoral (Versi\u00f3n Lectura F\u00e1cil) &#8211; Auton\u00f3micas 2023 (PDF) 2019 Programa electoral &#8211; Auton\u00f3micas 2019 (PDF) \/ Programa electoral &#8211; Auton\u00f3micas 2019 (TXT) Programa electoral (Versi\u00f3n Lectura F\u00e1cil) &#8211; Auton\u00f3micas 2019 (PDF)\" \/>\n<meta property=\"og:url\" content=\"https:\/\/psoecanarias.com\/web\/programas-electorales-2\/\" \/>\n<meta property=\"og:site_name\" content=\"PSOE Canarias\" \/>\n<meta property=\"article:modified_time\" content=\"2026-01-21T13:16:07+00:00\" \/>\n<meta name=\"twitter:card\" content=\"summary_large_image\" \/>\n<script type=\"application\/ld+json\" class=\"yoast-schema-graph\">{\"@context\":\"https:\/\/schema.org\",\"@graph\":[{\"@type\":\"WebPage\",\"@id\":\"https:\/\/psoecanarias.com\/web\/programas-electorales-2\/\",\"url\":\"https:\/\/psoecanarias.com\/web\/programas-electorales-2\/\",\"name\":\"Programas electorales | PSOE Canarias\",\"isPartOf\":{\"@id\":\"https:\/\/psoecanarias.com\/web\/#website\"},\"primaryImageOfPage\":{\"@id\":\"https:\/\/psoecanarias.com\/web\/programas-electorales-2\/#primaryimage\"},\"image\":{\"@id\":\"https:\/\/psoecanarias.com\/web\/programas-electorales-2\/#primaryimage\"},\"thumbnailUrl\":\"https:\/\/psoecanarias.com\/web\/wp-content\/uploads\/2020\/03\/thumb_noimages.jpg\",\"datePublished\":\"2026-01-21T13:13:42+00:00\",\"dateModified\":\"2026-01-21T13:16:07+00:00\",\"breadcrumb\":{\"@id\":\"https:\/\/psoecanarias.com\/web\/programas-electorales-2\/#breadcrumb\"},\"inLanguage\":\"es\",\"potentialAction\":[{\"@type\":\"ReadAction\",\"target\":[\"https:\/\/psoecanarias.com\/web\/programas-electorales-2\/\"]}]},{\"@type\":\"ImageObject\",\"inLanguage\":\"es\",\"@id\":\"https:\/\/psoecanarias.com\/web\/programas-electorales-2\/#primaryimage\",\"url\":\"https:\/\/psoecanarias.com\/web\/wp-content\/uploads\/2020\/03\/thumb_noimages.jpg\",\"contentUrl\":\"https:\/\/psoecanarias.com\/web\/wp-content\/uploads\/2020\/03\/thumb_noimages.jpg\",\"width\":303,\"height\":200},{\"@type\":\"BreadcrumbList\",\"@id\":\"https:\/\/psoecanarias.com\/web\/programas-electorales-2\/#breadcrumb\",\"itemListElement\":[{\"@type\":\"ListItem\",\"position\":1,\"name\":\"Portada\",\"item\":\"https:\/\/psoecanarias.com\/web\/\"},{\"@type\":\"ListItem\",\"position\":2,\"name\":\"Programas electorales\"}]},{\"@type\":\"WebSite\",\"@id\":\"https:\/\/psoecanarias.com\/web\/#website\",\"url\":\"https:\/\/psoecanarias.com\/web\/\",\"name\":\"PSOE Canarias\",\"description\":\"Partido Socialista Obrero Espa\u00f1ol Canarias\",\"potentialAction\":[{\"@type\":\"SearchAction\",\"target\":{\"@type\":\"EntryPoint\",\"urlTemplate\":\"https:\/\/psoecanarias.com\/web\/?s={search_term_string}\"},\"query-input\":{\"@type\":\"PropertyValueSpecification\",\"valueRequired\":true,\"valueName\":\"search_term_string\"}}],\"inLanguage\":\"es\"}]}<\/script>\n<!-- \/ Yoast SEO plugin. -->","yoast_head_json":{"title":"Programas electorales | PSOE Canarias","robots":{"index":"index","follow":"follow","max-snippet":"max-snippet:-1","max-image-preview":"max-image-preview:large","max-video-preview":"max-video-preview:-1"},"canonical":"https:\/\/psoecanarias.com\/web\/programas-electorales-2\/","og_locale":"es_ES","og_type":"article","og_title":"Programas electorales | PSOE Canarias","og_description":"2023 Programa electoral &#8211; Auton\u00f3micas 2023 (PDF) \/ Programa electoral &#8211; Auton\u00f3micas 2023 (TXT) Programa electoral (Versi\u00f3n Lectura F\u00e1cil) &#8211; Auton\u00f3micas 2023 (PDF) 2019 Programa electoral &#8211; Auton\u00f3micas 2019 (PDF) \/ Programa electoral &#8211; Auton\u00f3micas 2019 (TXT) Programa electoral (Versi\u00f3n Lectura F\u00e1cil) &#8211; Auton\u00f3micas 2019 (PDF)","og_url":"https:\/\/psoecanarias.com\/web\/programas-electorales-2\/","og_site_name":"PSOE Canarias","article_modified_time":"2026-01-21T13:16:07+00:00","twitter_card":"summary_large_image","schema":{"@context":"https:\/\/schema.org","@graph":[{"@type":"WebPage","@id":"https:\/\/psoecanarias.com\/web\/programas-electorales-2\/","url":"https:\/\/psoecanarias.com\/web\/programas-electorales-2\/","name":"Programas electorales | PSOE Canarias","isPartOf":{"@id":"https:\/\/psoecanarias.com\/web\/#website"},"primaryImageOfPage":{"@id":"https:\/\/psoecanarias.com\/web\/programas-electorales-2\/#primaryimage"},"image":{"@id":"https:\/\/psoecanarias.com\/web\/programas-electorales-2\/#primaryimage"},"thumbnailUrl":"https:\/\/psoecanarias.com\/web\/wp-content\/uploads\/2020\/03\/thumb_noimages.jpg","datePublished":"2026-01-21T13:13:42+00:00","dateModified":"2026-01-21T13:16:07+00:00","breadcrumb":{"@id":"https:\/\/psoecanarias.com\/web\/programas-electorales-2\/#breadcrumb"},"inLanguage":"es","potentialAction":[{"@type":"ReadAction","target":["https:\/\/psoecanarias.com\/web\/programas-electorales-2\/"]}]},{"@type":"ImageObject","inLanguage":"es","@id":"https:\/\/psoecanarias.com\/web\/programas-electorales-2\/#primaryimage","url":"https:\/\/psoecanarias.com\/web\/wp-content\/uploads\/2020\/03\/thumb_noimages.jpg","contentUrl":"https:\/\/psoecanarias.com\/web\/wp-content\/uploads\/2020\/03\/thumb_noimages.jpg","width":303,"height":200},{"@type":"BreadcrumbList","@id":"https:\/\/psoecanarias.com\/web\/programas-electorales-2\/#breadcrumb","itemListElement":[{"@type":"ListItem","position":1,"name":"Portada","item":"https:\/\/psoecanarias.com\/web\/"},{"@type":"ListItem","position":2,"name":"Programas electorales"}]},{"@type":"WebSite","@id":"https:\/\/psoecanarias.com\/web\/#website","url":"https:\/\/psoecanarias.com\/web\/","name":"PSOE Canarias","description":"Partido Socialista Obrero Espa\u00f1ol Canarias","potentialAction":[{"@type":"SearchAction","target":{"@type":"EntryPoint","urlTemplate":"https:\/\/psoecanarias.com\/web\/?s={search_term_string}"},"query-input":{"@type":"PropertyValueSpecification","valueRequired":true,"valueName":"search_term_string"}}],"inLanguage":"es"}]}},"_links":{"self":[{"href":"https:\/\/psoecanarias.com\/web\/wp-json\/wp\/v2\/pages\/63162","targetHints":{"allow":["GET"]}}],"collection":[{"href":"https:\/\/psoecanarias.com\/web\/wp-json\/wp\/v2\/pages"}],"about":[{"href":"https:\/\/psoecanarias.com\/web\/wp-json\/wp\/v2\/types\/page"}],"author":[{"embeddable":true,"href":"https:\/\/psoecanarias.com\/web\/wp-json\/wp\/v2\/users\/1"}],"replies":[{"embeddable":true,"href":"https:\/\/psoecanarias.com\/web\/wp-json\/wp\/v2\/comments?post=63162"}],"version-history":[{"count":2,"href":"https:\/\/psoecanarias.com\/web\/wp-json\/wp\/v2\/pages\/63162\/revisions"}],"predecessor-version":[{"id":63171,"href":"https:\/\/psoecanarias.com\/web\/wp-json\/wp\/v2\/pages\/63162\/revisions\/63171"}],"wp:featuredmedia":[{"embeddable":true,"href":"https:\/\/psoecanarias.com\/web\/wp-json\/wp\/v2\/media\/8406"}],"wp:attachment":[{"href":"https:\/\/psoecanarias.com\/web\/wp-json\/wp\/v2\/media?parent=63162"}],"curies":[{"name":"wp","href":"https:\/\/api.w.org\/{rel}","templated":true}]}}